{"id":1643,"date":"2014-09-23T12:20:30","date_gmt":"2014-09-23T12:20:30","guid":{"rendered":"http:\/\/demo.wydethemes.com\/vela1\/?page_id=2"},"modified":"2025-09-15T08:31:16","modified_gmt":"2025-09-15T08:31:16","slug":"home","status":"publish","type":"page","link":"https:\/\/enriqueinstrumentosmusicales.es\/","title":{"rendered":"Inicio"},"content":{"rendered":"<div class=\"wpb-content-wrapper\"><p>[vc_row][vc_column][vc_column_text]<img loading=\"lazy\" decoding=\"async\" class=\"alignnone wp-image-6368 size-full\" src=\"https:\/\/enriqueinstrumentosmusicales.es\/wp-content\/uploads\/2021\/02\/Sin-t\u00edtulo-8.jpg\" alt=\"\" width=\"1350\" height=\"400\" \/>[\/vc_column_text][\/vc_column][\/vc_row][vc_row][vc_column][vc_single_image image=\u00bb3536&#8243; img_size=\u00bblarge\u00bb alignment=\u00bbcenter\u00bb css=\u00bb.vc_custom_1519474400306{margin-bottom: 30px !important;}\u00bb][\/vc_column][vc_column][vc_custom_heading text=\u00bbCasa fundada en 1965.\u00bb font_container=\u00bbtag:h3|font_size:50px|text_align:center|line_height:36px\u00bb][vc_custom_heading text=\u00bbBienvenido a nuestra tienda on-line.<br \/>\nCon nosotros podr\u00e1s encontrar todo tipo de instrumentos, as\u00ed como una gran variedad de accesorios y recambios para ellos como cuerdas, fundas, etc\u00e9tera.<\/p>\n<p>Somos especialistas en Carnaval. Contacta con nosotros y solic\u00ed\u00adtanos asesoramiento sin compromiso. Estaremos encantados de atenderte.\u00bb font_container=\u00bbtag:h4|font_size:26px|text_align:center|line_height:36px\u00bb google_fonts=\u00bbfont_family:Lato%3A100%2C100italic%2C300%2C300italic%2Cregular%2Citalic%2C700%2C700italic%2C900%2C900italic|font_style:400%20regular%3A400%3Anormal\u00bb][\/vc_column][\/vc_row][vc_row full_width=\u00bbtrue\u00bb parallax=\u00bbtrue\u00bb background_overlay=\u00bbcolor\u00bb mask_style=\u00bb50&#8243; vertical_align=\u00bbmiddle\u00bb padding_size=\u00bbno-padding\u00bb][vc_column width=\u00bb1\/3&#8243;][vc_images_carousel images=\u00bb3568,3574,4422,6371,6372&#8243; img_size=\u00bbfull\u00bb onclick=\u00bblink_no\u00bb autoplay=\u00bbyes\u00bb hide_pagination_control=\u00bbyes\u00bb hide_prev_next_buttons=\u00bbyes\u00bb wrap=\u00bbyes\u00bb][\/vc_column][vc_column width=\u00bb1\/3&#8243; el_class=\u00bb text-center\u00bb][vc_column_text]<\/p>\n<h2 style=\"text-align: center;\"><span style=\"color: #000080;\">Queremos asesorarte<\/span><\/h2>\n<p>[\/vc_column_text][vc_custom_heading text=\u00bbCon nosotros no te limitas a se\u00f1alar y comprar.<br \/>\nCont\u00e1ctanos e inf\u00f3rmate de todo antes de solicitar el env\u00edo de tu instrumento.\u00bb font_container=\u00bbtag:p|font_size:26px|text_align:center|line_height:36px\u00bb google_fonts=\u00bbfont_family:Lato%3A100%2C100italic%2C300%2C300italic%2Cregular%2Citalic%2C700%2C700italic%2C900%2C900italic|font_style:400%20regular%3A400%3Anormal\u00bb][\/vc_column][vc_column width=\u00bb1\/3&#8243;][vc_images_carousel images=\u00bb5667,5671,5673,5676,5677,5678,5679,5682,5683,5684,5685,5687,5690&#8243; img_size=\u00bbfull\u00bb onclick=\u00bblink_no\u00bb autoplay=\u00bbyes\u00bb hide_pagination_control=\u00bbyes\u00bb hide_prev_next_buttons=\u00bbyes\u00bb wrap=\u00bbyes\u00bb css=\u00bb.vc_custom_1527870047870{background-position: center !important;background-repeat: no-repeat !important;background-size: cover !important;}\u00bb][\/vc_column][\/vc_row][vc_row][vc_column width=\u00bb1\/3&#8243;][vc_column_text]<\/p>\n<h2><span style=\"color: #000080;\"><strong>Asesoramiento&nbsp;<\/strong><\/span><\/h2>\n<p>Con nosotros tendr\u00e1s asesoramiento en la adquisici\u00f3n de tu nuevo instrumento. Sabr\u00e1s que est\u00e1s pagando.[\/vc_column_text][\/vc_column][vc_column width=\u00bb1\/3&#8243;][vc_column_text]<\/p>\n<h2><span style=\"color: #000080;\">Confianza absoluta<\/span><\/h2>\n<p>Con nosotros sabr\u00e1s cuanto pagas en todo momento en los env\u00edos a cualquier parte. Sin sorpresas.[\/vc_column_text][\/vc_column][vc_column width=\u00bb1\/3&#8243;][vc_column_text]<\/p>\n<h2><span style=\"color: #000080;\">Especialistas<\/span><\/h2>\n<p>Somos especialistas en instrumentos de Carnaval. \u00bfNecesitas un instrumento que utilicen las agrupaciones profesionales y callejeras en el Carnaval de C\u00e1diz?. Cont\u00e1ctanos.[\/vc_column_text][\/vc_column][\/vc_row][vc_row full_width=\u00bbtrue\u00bb mask_style=\u00bb50&#8243; vertical_align=\u00bbmiddle\u00bb padding_size=\u00bbno-padding\u00bb][vc_column width=\u00bb2\/3&#8243;][vc_single_image image=\u00bb14695&#8243; img_size=\u00bbfull\u00bb alignment=\u00bbcenter\u00bb][vc_row_inner][vc_column_inner][\/vc_column_inner][\/vc_row_inner][\/vc_column][vc_column width=\u00bb1\/3&#8243;][vc_column_text]<\/p>\n<h2 style=\"text-align: left;\"><span style=\"color: #000080;\">Especialistas en Carnaval, tambi\u00e9n en Semana Santa.<\/span><\/h2>\n<p>[\/vc_column_text][vc_column_text]Cajas, bombos, platos, pitos, etc. \u00bfQuieres un instrumento con garant\u00ed\u00adas de ser utilizado en el COAC?. Cont\u00e1ctanos.<\/p>\n<p>Cajas doble sistema, redoblantes, tambores, cornetas,&nbsp;etc.<\/p>\n<p>Podemos conseguir el instrumento que necesitas para tu banda.[\/vc_column_text][vc_btn title=\u00bb\u00bfBuscas asesoramiento?\u00bb color=\u00bbprimary\u00bb link=\u00bburl:http%3A%2F%2Fenriqueinstrumentosmusicales.es%2Findex.php%2Fcontacto%2F|||\u00bb][vc_btn title=\u00bbEntra en el cat\u00e1logo\u00bb color=\u00bbprimary\u00bb link=\u00bburl:http%3A%2F%2Fenriqueinstrumentosmusicales.es%2Findex.php%2Fshop%2F|||\u00bb][\/vc_column][\/vc_row]<\/p>\n<\/div>","protected":false},"excerpt":{"rendered":"<p>[vc_row][vc_column][vc_column_text][\/vc_column_text][\/vc_column][\/vc_row][vc_row][vc_column][vc_single_image image=\u00bb3536&#8243; img_size=\u00bblarge\u00bb alignment=\u00bbcenter\u00bb css=\u00bb.vc_custom_1519474400306{margin-bottom: 30px !important;}\u00bb][\/vc_column][vc_column][vc_custom_heading text=\u00bbCasa fundada en 1965.\u00bb font_container=\u00bbtag:h3|font_size:50px|text_align:center|line_height:36px\u00bb][vc_custom_heading text=\u00bbBienvenido a nuestra tienda on-line. Con nosotros podr\u00e1s encontrar todo tipo de instrumentos, as\u00ed como una gran variedad de accesorios y recambios para ellos como cuerdas, fundas, etc\u00e9tera. Somos especialistas en Carnaval. Contacta con nosotros y solic\u00ed\u00adtanos asesoramiento sin compromiso. Estaremos encantados de [&hellip;]<\/p>\n","protected":false},"author":1,"featured_media":0,"parent":0,"menu_order":0,"comment_status":"closed","ping_status":"closed","template":"","meta":{"footnotes":""},"class_list":["post-1643","page","type-page","status-publish","hentry"],"_links":{"self":[{"href":"https:\/\/enriqueinstrumentosmusicales.es\/index.php\/wp-json\/wp\/v2\/pages\/1643","targetHints":{"allow":["GET"]}}],"collection":[{"href":"https:\/\/enriqueinstrumentosmusicales.es\/index.php\/wp-json\/wp\/v2\/pages"}],"about":[{"href":"https:\/\/enriqueinstrumentosmusicales.es\/index.php\/wp-json\/wp\/v2\/types\/page"}],"author":[{"embeddable":true,"href":"https:\/\/enriqueinstrumentosmusicales.es\/index.php\/wp-json\/wp\/v2\/users\/1"}],"replies":[{"embeddable":true,"href":"https:\/\/enriqueinstrumentosmusicales.es\/index.php\/wp-json\/wp\/v2\/comments?post=1643"}],"version-history":[{"count":183,"href":"https:\/\/enriqueinstrumentosmusicales.es\/index.php\/wp-json\/wp\/v2\/pages\/1643\/revisions"}],"predecessor-version":[{"id":14696,"href":"https:\/\/enriqueinstrumentosmusicales.es\/index.php\/wp-json\/wp\/v2\/pages\/1643\/revisions\/14696"}],"wp:attachment":[{"href":"https:\/\/enriqueinstrumentosmusicales.es\/index.php\/wp-json\/wp\/v2\/media?parent=1643"}],"curies":[{"name":"wp","href":"https:\/\/api.w.org\/{rel}","templated":true}]}}